{"id":189,"date":"2025-01-27T16:35:26","date_gmt":"2025-01-27T15:35:26","guid":{"rendered":"https:\/\/gmbygreenmorango.com\/?post_type=product&#038;p=189"},"modified":"2025-01-27T17:19:02","modified_gmt":"2025-01-27T16:19:02","slug":"gm-ginger","status":"publish","type":"product","link":"https:\/\/gmbygreenmorango.com\/index.php\/produit\/gm-ginger\/","title":{"rendered":"&#8211; GM GINGER &#8211;"},"content":{"rendered":"<p>D\u00e9couvrez \u201cGM Gingembre by Green Morango\u201d, un rhum artisanal unique qui marie audacieusement la puissance du gingembre \u00e0 la s\u00e9r\u00e9nit\u00e9 du CBD. Ce rhum agricole guadeloup\u00e9en, infus\u00e9 et mac\u00e9r\u00e9 avec des ingr\u00e9dients soigneusement s\u00e9lectionn\u00e9s, r\u00e9v\u00e8le une alchimie parfaite entre chaleur \u00e9pic\u00e9e et douceur apaisante.<\/p>\n<p>Chaque gorg\u00e9e offre une explosion de saveurs : les notes vivifiantes et l\u00e9g\u00e8rement piquantes du gingembre se m\u00ealent aux ar\u00f4mes herbac\u00e9s du chanvre, rehauss\u00e9es par un sirop de chanvre d\u00e9licat qui arrondit la texture. Avec ses 25-26\u00b0, ce rhum d\u2019amoiseau offre une exp\u00e9rience gustative vibrante, id\u00e9ale pour les amateurs de saveurs intenses et \u00e9quilibr\u00e9es.<\/p>\n<p>Produit artisanalement dans le sud de la France, \u201cGM Gingembre\u201d incarne le savoir-faire local et l\u2019innovation, avec une touche de modernit\u00e9 qui s\u00e9duit les \u00e9picuriens en qu\u00eate d\u2019originalit\u00e9. Ce rhum, pens\u00e9 pour les cocktails raffin\u00e9s comme pour les d\u00e9gustations pures, illustre l\u2019harmonie entre tradition et audace.<\/p>\n<p>Prim\u00e9 et exclusif, \u201cGM Gingembre by Green Morango\u201d vous invite \u00e0 savourer une rencontre sensorielle in\u00e9dite, o\u00f9 chaque note raconte une histoire d\u2019\u00e9quilibre et de passion.<\/p>\n","protected":false},"excerpt":{"rendered":"<p>Vous recherchez un produit original pour offrir ou juste pour soi ?<br \/>\nGREEN MORANGO vous pr\u00e9sente son rhum arrang\u00e9 au CBD .<br \/>\nD\u00e9couvrez cet ar\u00f4me de CBD relev\u00e9 avec le pe, alli\u00e9 a un rhum Guadeloup\u00e9en travaill\u00e9 tout en subtilit\u00e9 et l\u00e9g\u00e8ret\u00e9 .<br \/>\nCe Rhum est produit avec nos Fleurs qui sont<br \/>\n100% FRANCAISES<br \/>\n100% LOCALES<br \/>\n100% BIOLOGIQUES<br \/>\n50 cl<br \/>\n\u00a0<br \/>\nBonne D\u00e9gustation<\/p>\n","protected":false},"featured_media":0,"comment_status":"open","ping_status":"closed","template":"","meta":{"_et_pb_use_builder":"","_et_pb_old_content":"","_et_gb_content_width":""},"product_brand":[],"product_cat":[19],"product_tag":[],"class_list":{"0":"post-189","1":"product","2":"type-product","3":"status-publish","5":"product_cat-rhum-au-cbd","7":"first","8":"instock","9":"shipping-taxable","10":"purchasable","11":"product-type-simple"},"_links":{"self":[{"href":"https:\/\/gmbygreenmorango.com\/index.php\/wp-json\/wp\/v2\/product\/189","targetHints":{"allow":["GET"]}}],"collection":[{"href":"https:\/\/gmbygreenmorango.com\/index.php\/wp-json\/wp\/v2\/product"}],"about":[{"href":"https:\/\/gmbygreenmorango.com\/index.php\/wp-json\/wp\/v2\/types\/product"}],"replies":[{"embeddable":true,"href":"https:\/\/gmbygreenmorango.com\/index.php\/wp-json\/wp\/v2\/comments?post=189"}],"wp:attachment":[{"href":"https:\/\/gmbygreenmorango.com\/index.php\/wp-json\/wp\/v2\/media?parent=189"}],"wp:term":[{"taxonomy":"product_brand","embeddable":true,"href":"https:\/\/gmbygreenmorango.com\/index.php\/wp-json\/wp\/v2\/product_brand?post=189"},{"taxonomy":"product_cat","embeddable":true,"href":"https:\/\/gmbygreenmorango.com\/index.php\/wp-json\/wp\/v2\/product_cat?post=189"},{"taxonomy":"product_tag","embeddable":true,"href":"https:\/\/gmbygreenmorango.com\/index.php\/wp-json\/wp\/v2\/product_tag?post=189"}],"curies":[{"name":"wp","href":"https:\/\/api.w.org\/{rel}","templated":true}]}}